{"id":259,"date":"2021-09-29T10:15:11","date_gmt":"2021-09-29T10:15:11","guid":{"rendered":"http:\/\/kibrisdanismanim.com\/?page_id=259"},"modified":"2022-12-19T11:47:44","modified_gmt":"2022-12-19T11:47:44","slug":"konut-bakim-hizmetleri","status":"publish","type":"page","link":"https:\/\/kibrisdanismanim.com\/?page_id=259","title":{"rendered":"KONUT BAKIM H\u0130ZMETLER\u0130"},"content":{"rendered":"<h2 style=\"text-align: center;\">KONUT BAKIM H\u0130ZMETLER\u0130<\/h2>\n<p><img loading=\"lazy\" decoding=\"async\" class=\"wp-image-457 aligncenter\" src=\"http:\/\/kibrisdanismanim.com\/wp-content\/uploads\/2021\/10\/hero-rental-768-300x163.jpg\" alt=\"\" width=\"853\" height=\"463\" srcset=\"https:\/\/kibrisdanismanim.com\/wp-content\/uploads\/2021\/10\/hero-rental-768-300x163.jpg 300w, https:\/\/kibrisdanismanim.com\/wp-content\/uploads\/2021\/10\/hero-rental-768-1024x555.jpg 1024w, https:\/\/kibrisdanismanim.com\/wp-content\/uploads\/2021\/10\/hero-rental-768-768x416.jpg 768w, https:\/\/kibrisdanismanim.com\/wp-content\/uploads\/2021\/10\/hero-rental-768.jpg 1536w\" sizes=\"auto, (max-width: 853px) 100vw, 853px\" \/><\/p>\n<p>Kuzey K\u0131br\u0131sta bulunan ve bak\u0131ma ihtiya\u00e7 duyan m\u00fclklerinizin, bah\u00e7e bak\u0131m hizmetleri, tamir tadilat, elektrik su faturalar\u0131n\u0131n \u00f6denmesi, kiraya verilmesi, temizlik hizmetleri, havuz bak\u0131m\u0131 gibi hizmetler i\u00e7in K\u0131br\u0131sdan\u0131\u015fman\u0131m ekibi uzman \u00e7\u00f6z\u00fcm ortaklar\u0131yla size en profesyonel yard\u0131m\u0131 sa\u011flayacakt\u0131r.<\/p>\n<p>T\u00fcm bu hizmetler i\u00e7in Toros YALKIN 05428736526 no lu whatsapp hatt\u0131m\u0131z\u0131 araman\u0131z ya da mesaj g\u00f6ndermeniz yeterli.<\/p>\n","protected":false},"excerpt":{"rendered":"<p>KONUT BAKIM H\u0130ZMETLER\u0130 Kuzey K\u0131br\u0131sta bulunan ve bak\u0131ma ihtiya\u00e7 duyan m\u00fclklerinizin, bah\u00e7e bak\u0131m hizmetleri, tamir tadilat, elektrik su faturalar\u0131n\u0131n \u00f6denmesi, kiraya verilmesi, temizlik hizmetleri, havuz bak\u0131m\u0131 gibi hizmetler i\u00e7in K\u0131br\u0131sdan\u0131\u015fman\u0131m ekibi uzman \u00e7\u00f6z\u00fcm ortaklar\u0131yla size en profesyonel yard\u0131m\u0131 sa\u011flayacakt\u0131r. T\u00fcm bu hizmetler i\u00e7in Toros YALKIN 05428736526 no lu whatsapp hatt\u0131m\u0131z\u0131 araman\u0131z ya da mesaj g\u00f6ndermeniz [&hellip;]<\/p>\n","protected":false},"author":1,"featured_media":0,"parent":0,"menu_order":0,"comment_status":"closed","ping_status":"closed","template":"","meta":{"_monsterinsights_skip_tracking":false,"_monsterinsights_sitenote_active":false,"_monsterinsights_sitenote_note":"","_monsterinsights_sitenote_category":0,"footnotes":""},"class_list":["post-259","page","type-page","status-publish","hentry"],"_links":{"self":[{"href":"https:\/\/kibrisdanismanim.com\/index.php?rest_route=\/wp\/v2\/pages\/259","targetHints":{"allow":["GET"]}}],"collection":[{"href":"https:\/\/kibrisdanismanim.com\/index.php?rest_route=\/wp\/v2\/pages"}],"about":[{"href":"https:\/\/kibrisdanismanim.com\/index.php?rest_route=\/wp\/v2\/types\/page"}],"author":[{"embeddable":true,"href":"https:\/\/kibrisdanismanim.com\/index.php?rest_route=\/wp\/v2\/users\/1"}],"replies":[{"embeddable":true,"href":"https:\/\/kibrisdanismanim.com\/index.php?rest_route=%2Fwp%2Fv2%2Fcomments&post=259"}],"version-history":[{"count":8,"href":"https:\/\/kibrisdanismanim.com\/index.php?rest_route=\/wp\/v2\/pages\/259\/revisions"}],"predecessor-version":[{"id":656,"href":"https:\/\/kibrisdanismanim.com\/index.php?rest_route=\/wp\/v2\/pages\/259\/revisions\/656"}],"wp:attachment":[{"href":"https:\/\/kibrisdanismanim.com\/index.php?rest_route=%2Fwp%2Fv2%2Fmedia&parent=259"}],"curies":[{"name":"wp","href":"https:\/\/api.w.org\/{rel}","templated":true}]}}