{"id":254,"date":"2021-09-29T10:06:52","date_gmt":"2021-09-29T10:06:52","guid":{"rendered":"http:\/\/kibrisdanismanim.com\/?page_id=254"},"modified":"2022-12-19T11:35:00","modified_gmt":"2022-12-19T11:35:00","slug":"adrese-dagitim-hizmeti","status":"publish","type":"page","link":"https:\/\/kibrisdanismanim.com\/?page_id=254","title":{"rendered":"Adrese Da\u011f\u0131t\u0131m Hizmeti"},"content":{"rendered":"<h1 class=\"text-white\" style=\"text-align: center;\">ADRESE DA\u011eITIM H\u0130ZMET\u0130<\/h1>\n<p><a href=\"http:\/\/kibrisdanismanim.com\/wp-content\/uploads\/2021\/10\/business-blog_1200x628-1024x536-1.webp\"><img loading=\"lazy\" decoding=\"async\" class=\"alignnone size-full wp-image-454\" src=\"http:\/\/kibrisdanismanim.com\/wp-content\/uploads\/2021\/10\/business-blog_1200x628-1024x536-1.webp\" alt=\"\" width=\"1024\" height=\"536\" \/><\/a><\/p>\n<p>&nbsp;<\/p>\n<p style=\"text-align: left;\">Kuzey K\u0131br\u0131s ziyaretinizde avantajl\u0131 fiyatlardan i\u00e7ki, sigara ya da hediyelik e\u015fya ihtiya\u00e7lar\u0131n\u0131z\u0131 tek bir whatsapp mesaj\u0131yla adresinize g\u00f6nderebilirsiniz. Toros YALKIN 05428736526 hatt\u0131m\u0131zda sipari\u015flerinizi bekleyen dan\u0131\u015fmanlar\u0131n\u0131z t\u00fcm ihtiyaclar\u0131n\u0131z\u0131 en uygun fiyatlardan temin ederek adresinize ula\u015ft\u0131racakt\u0131r.<\/p>\n<p style=\"text-align: left;\">Ayr\u0131ca KKTC ziyaretinizde herhangi bir al\u0131\u015fveri\u015f ihtiyac\u0131n\u0131z\u0131, Kuzey K\u0131br\u0131s\u0131n en iyi online al\u0131\u015fveri\u015f\u00a0 sitesi olan www.inncy.co adresine girerek, ya da dan\u0131\u015fman\u0131n\u0131z Toros YALKIN 05428736526 ile do\u011frudan g\u00f6r\u00fc\u015ferek konaklad\u0131\u011f\u0131n\u0131z adrese g\u00f6ndertebilirsiniz.<\/p>\n<p>&nbsp;<\/p>\n","protected":false},"excerpt":{"rendered":"<p>ADRESE DA\u011eITIM H\u0130ZMET\u0130 &nbsp; Kuzey K\u0131br\u0131s ziyaretinizde avantajl\u0131 fiyatlardan i\u00e7ki, sigara ya da hediyelik e\u015fya ihtiya\u00e7lar\u0131n\u0131z\u0131 tek bir whatsapp mesaj\u0131yla adresinize g\u00f6nderebilirsiniz. Toros YALKIN 05428736526 hatt\u0131m\u0131zda sipari\u015flerinizi bekleyen dan\u0131\u015fmanlar\u0131n\u0131z t\u00fcm ihtiyaclar\u0131n\u0131z\u0131 en uygun fiyatlardan temin ederek adresinize ula\u015ft\u0131racakt\u0131r. Ayr\u0131ca KKTC ziyaretinizde herhangi bir al\u0131\u015fveri\u015f ihtiyac\u0131n\u0131z\u0131, Kuzey K\u0131br\u0131s\u0131n en iyi online al\u0131\u015fveri\u015f\u00a0 sitesi olan www.inncy.co adresine [&hellip;]<\/p>\n","protected":false},"author":1,"featured_media":0,"parent":0,"menu_order":0,"comment_status":"closed","ping_status":"closed","template":"","meta":{"_monsterinsights_skip_tracking":false,"_monsterinsights_sitenote_active":false,"_monsterinsights_sitenote_note":"","_monsterinsights_sitenote_category":0,"footnotes":""},"class_list":["post-254","page","type-page","status-publish","hentry"],"_links":{"self":[{"href":"https:\/\/kibrisdanismanim.com\/index.php?rest_route=\/wp\/v2\/pages\/254","targetHints":{"allow":["GET"]}}],"collection":[{"href":"https:\/\/kibrisdanismanim.com\/index.php?rest_route=\/wp\/v2\/pages"}],"about":[{"href":"https:\/\/kibrisdanismanim.com\/index.php?rest_route=\/wp\/v2\/types\/page"}],"author":[{"embeddable":true,"href":"https:\/\/kibrisdanismanim.com\/index.php?rest_route=\/wp\/v2\/users\/1"}],"replies":[{"embeddable":true,"href":"https:\/\/kibrisdanismanim.com\/index.php?rest_route=%2Fwp%2Fv2%2Fcomments&post=254"}],"version-history":[{"count":21,"href":"https:\/\/kibrisdanismanim.com\/index.php?rest_route=\/wp\/v2\/pages\/254\/revisions"}],"predecessor-version":[{"id":643,"href":"https:\/\/kibrisdanismanim.com\/index.php?rest_route=\/wp\/v2\/pages\/254\/revisions\/643"}],"wp:attachment":[{"href":"https:\/\/kibrisdanismanim.com\/index.php?rest_route=%2Fwp%2Fv2%2Fmedia&parent=254"}],"curies":[{"name":"wp","href":"https:\/\/api.w.org\/{rel}","templated":true}]}}