{"id":157,"date":"2021-09-24T09:39:03","date_gmt":"2021-09-24T09:39:03","guid":{"rendered":"http:\/\/kibrisdanismanim.com\/?page_id=157"},"modified":"2022-12-19T11:46:12","modified_gmt":"2022-12-19T11:46:12","slug":"kibrista-is-kurmak-2","status":"publish","type":"page","link":"https:\/\/kibrisdanismanim.com\/?page_id=157","title":{"rendered":"K\u0131br\u0131s\u2019ta \u0130\u015f Kurmak ve Oturma izinleri"},"content":{"rendered":"<h1 style=\"text-align: center;\">K\u0131br\u0131s\u2019ta \u0130\u015f Kurmak ve Oturma izinleri<\/h1>\n<p>Akdenizin y\u00fckselen de\u011feri K\u0131br\u0131s&#8217;ta \u015firket kurmak m\u00fcmk\u00fcn. T\u00fcrkiye vatanda\u015flar\u0131 &#8220;yabanc\u0131&#8221; stat\u00fcs\u00fcnde g\u00f6r\u00fcld\u00fc\u011f\u00fcnden \u015firket kurmak bir tak\u0131m prosed\u00fcrlere tabi.<\/p>\n<p>Tc vatanda\u015f\u0131 \u00fczerine kurulacak bir \u015firket i\u00e7in 100,000 dolar nakit mebla\u011f\u0131 bir hafta s\u00fcreyle bankada bloke etmeniz gerekiyor. Bu, i\u015fi yapabilecek finansal altyap\u0131ya sahip oldu\u011funuzu ispatlamak i\u00e7in konulmu\u015f bir kural. Bu mebla\u011f\u0131 10 g\u00fcn sonunda geri alabiliyorsunuz. Ayr\u0131ca 10,000 usd tutar\u0131nda bir teminat mektubunu, vergi dairesine ibraz etmeniz gerekiyor. Bu da olas\u0131 bir ekonomik darbo\u011fazda devletin alacaklar\u0131n\u0131n bir b\u00f6l\u00fcm\u00fcn\u00fc ya da tamam\u0131n\u0131 tahsil edebilmesi i\u00e7in d\u00fc\u015f\u00fcn\u00fclm\u00fc\u015f bir kural.<\/p>\n<p><img loading=\"lazy\" decoding=\"async\" class=\" wp-image-343 aligncenter\" src=\"http:\/\/kibrisdanismanim.com\/wp-content\/uploads\/2021\/09\/passport-index-globe-300x109.jpg\" alt=\"\" width=\"718\" height=\"261\" srcset=\"https:\/\/kibrisdanismanim.com\/wp-content\/uploads\/2021\/09\/passport-index-globe-300x109.jpg 300w, https:\/\/kibrisdanismanim.com\/wp-content\/uploads\/2021\/09\/passport-index-globe-1024x372.jpg 1024w, https:\/\/kibrisdanismanim.com\/wp-content\/uploads\/2021\/09\/passport-index-globe-768x279.jpg 768w, https:\/\/kibrisdanismanim.com\/wp-content\/uploads\/2021\/09\/passport-index-globe-1536x559.jpg 1536w, https:\/\/kibrisdanismanim.com\/wp-content\/uploads\/2021\/09\/passport-index-globe-2048x745.jpg 2048w\" sizes=\"auto, (max-width: 718px) 100vw, 718px\" \/><\/p>\n<p>KKTC vatanda\u015f\u0131 bir ortak alman\u0131z durumunda direkt\u00f6rl\u00fck ve \u015firketin y\u00fczde 51 i kendisi \u00fczerine olmak \u015fart\u0131yla ba\u015fka hi\u00e7bir ek tutar \u00f6demeniz gerekmiyor. Sadece \u015firket kurmak i\u00e7in gerekli olan bir tak\u0131m har\u00e7lar i\u00e7in 1000 tl civar\u0131nda bir \u00f6deme yapman\u0131z yeterli.<\/p>\n<p>K\u0131br\u0131sta \u015firket kurmak, KKTC vatanda\u015f\u0131 ortaklarla tan\u0131\u015fmak, \u00e7al\u0131\u015fma ve oturma izni almak i\u00e7in ve ileri soru ve g\u00f6r\u00fc\u015fleriniz i\u00e7in 7 g\u00fcn 24 saat dakikalar i\u00e7erisinde \u00fccretsiz olarak size yard\u0131mc\u0131 olacak whatsap hatt\u0131nda dan\u0131\u015fman\u0131n\u0131z sizi bekliyor olacak. Hemen \u015fimdi Toros YALKIN 05428736526 no lu whatsap hatt\u0131na mesaj g\u00f6nderebilirsiniz.<\/p>\n<h4><span style=\"color: #ff6600;\">K\u0131br\u0131sta ikamet izni<\/span><\/h4>\n<p>Akdenizin y\u00fckselen de\u011feri KKTC de ikamet etmek isteyenler i\u00e7in \u00e7e\u015fitli yollar bulunmakta. Bunlar \u015fu \u015fekilde s\u0131ralanabilir<\/p>\n<p>\u00d6\u011frenci izni<br \/>\n\u00c7al\u0131\u015fma izni<br \/>\n\u0130\u015f kurma izni<br \/>\nM\u00fclk edinmeniz durumunda alaca\u011f\u0131n\u0131z oturum izni<br \/>\nBu izinlerden birini alm\u0131\u015f bir akraban\u0131z dolay\u0131s\u0131yla alabilece\u011finiz oturum izni.<\/p>\n<p>T\u00fcm izinler, sa\u011fl\u0131k kontrol\u00fc yap\u0131lmak ve baz\u0131 har\u00e7lar \u00f6denmek suretiyle bir ya da iki y\u0131lda bir yenilenmesi gerekmektedir.<\/p>\n<p>T\u00fcm bu izinlere ula\u015fmak ve ileri soru ve g\u00f6r\u00fc\u015fleriniz i\u00e7in 7 g\u00fcn 24 saat dakikalar i\u00e7erisinde \u00fccretsiz olarak size yard\u0131mc\u0131 olacak whatsap hatt\u0131nda dan\u0131\u015fman\u0131n\u0131z\u00a0 sizi bekliyor olacak. Hemen \u015fimdi Toros YALKIN 05428736526 no lu whatsap hatt\u0131na mesaj g\u00f6nderebilirsiniz.<\/p>\n","protected":false},"excerpt":{"rendered":"<p>K\u0131br\u0131s\u2019ta \u0130\u015f Kurmak ve Oturma izinleri Akdenizin y\u00fckselen de\u011feri K\u0131br\u0131s&#8217;ta \u015firket kurmak m\u00fcmk\u00fcn. T\u00fcrkiye vatanda\u015flar\u0131 &#8220;yabanc\u0131&#8221; stat\u00fcs\u00fcnde g\u00f6r\u00fcld\u00fc\u011f\u00fcnden \u015firket kurmak bir tak\u0131m prosed\u00fcrlere tabi. Tc vatanda\u015f\u0131 \u00fczerine kurulacak bir \u015firket i\u00e7in 100,000 dolar nakit mebla\u011f\u0131 bir hafta s\u00fcreyle bankada bloke etmeniz gerekiyor. Bu, i\u015fi yapabilecek finansal altyap\u0131ya sahip oldu\u011funuzu ispatlamak i\u00e7in konulmu\u015f bir kural. Bu [&hellip;]<\/p>\n","protected":false},"author":1,"featured_media":0,"parent":0,"menu_order":0,"comment_status":"closed","ping_status":"closed","template":"","meta":{"_monsterinsights_skip_tracking":false,"_monsterinsights_sitenote_active":false,"_monsterinsights_sitenote_note":"","_monsterinsights_sitenote_category":0,"footnotes":""},"class_list":["post-157","page","type-page","status-publish","hentry"],"_links":{"self":[{"href":"https:\/\/kibrisdanismanim.com\/index.php?rest_route=\/wp\/v2\/pages\/157","targetHints":{"allow":["GET"]}}],"collection":[{"href":"https:\/\/kibrisdanismanim.com\/index.php?rest_route=\/wp\/v2\/pages"}],"about":[{"href":"https:\/\/kibrisdanismanim.com\/index.php?rest_route=\/wp\/v2\/types\/page"}],"author":[{"embeddable":true,"href":"https:\/\/kibrisdanismanim.com\/index.php?rest_route=\/wp\/v2\/users\/1"}],"replies":[{"embeddable":true,"href":"https:\/\/kibrisdanismanim.com\/index.php?rest_route=%2Fwp%2Fv2%2Fcomments&post=157"}],"version-history":[{"count":19,"href":"https:\/\/kibrisdanismanim.com\/index.php?rest_route=\/wp\/v2\/pages\/157\/revisions"}],"predecessor-version":[{"id":653,"href":"https:\/\/kibrisdanismanim.com\/index.php?rest_route=\/wp\/v2\/pages\/157\/revisions\/653"}],"wp:attachment":[{"href":"https:\/\/kibrisdanismanim.com\/index.php?rest_route=%2Fwp%2Fv2%2Fmedia&parent=157"}],"curies":[{"name":"wp","href":"https:\/\/api.w.org\/{rel}","templated":true}]}}